s the hundreds digit of k?
3
Suppose -9*f + 76833 = -103617. What is the units digit of f?
0
Let h(n) = 556*n + 1596. What is the tens digit of h(9)?
0
Let x = -4579 - -4779. What is the tens digit of x?
0
Let s = -215 + 217. Suppose 7*c - 2*t = s*c + 2175, 889 = 2*c + 3*t. What is the hundreds digit of c?
4
Suppose 8*v = 11*v - 45. Let u be (-84)/v*(-25)/10. What is the tens digit of 7/((-294)/(-4008)) + (-6)/u?
9
Let v(j) = 3*j**3 - 318*j**2 - 189*j + 441. What is the units digit of v(107)?
5
Let u(z) be the third derivative of -z**5/30 - 11*z**4/8 + 29*z**3/6 - 12*z**2 - z. What is the units digit of u(-15)?
4
Let g(u) = -1225*u + 11547. What is the ten thousands digit of g(-45)?
6
Suppose l - 16658 = -q, 60*q + 5*l = 65*q - 83340. What is the hundreds digit of q?
6
Let m = 31 + 120. What is the units digit of (-30)/(-15)*m*1 + 5?
7
Suppose -1690 = -2*x - r, -x + r + 1686 = x. Let i = 1220 - x. What is the units digit of i?
6
Suppose 2*q + 3*h - 5*h - 76 = 0, -5*q - 3*h + 166 = 0. Suppose q*d = 40*d - 20. Suppose 0*k - d*k = -624. What is the hundreds digit of k?
1
Let t(d) = 11*d - 26. Suppose 0 = -2*p - 3*r - 59, -2*p + p = 5*r + 47. Let y(l) = -2*l - 27. Let u be y(p). What is the units digit of t(u)?
1
Let n = -1271 - -2875. What is the tens digit of n?
0
Let f = -1908 - -3180. Suppose -2*s - f = -8*s. What is the tens digit of s?
1
Let i be (-3)/4 - (0 + (-12)/16). Suppose i*v = 2*v - 80. Let c = 47 - v. What is the units digit of c?
7
Let q be (2 + (-6)/4)/((-7)/(-266)). Suppose -44 = -b + 4*p, 5*p - q = -b + 4*p. What is the hundreds digit of ((-426)/8)/((-9)/b)?
1
Suppose 280943 = 78*k - 64597. What is the tens digit of k?
3
Let l be (0 + -1)/(2170/(-240) + 9). Suppose 4*f = 4*t - 2036, 4*f - l = -t + 500. What is the units digit of t?
2
Let j(c) = -c**2 + c. Let w(d) = -68*d**3 - d**2 - d - 2. Let q(h) = -j(h) + w(h). Let l(b) = -b**2 - 6*b + 15. Let s be l(-8). What is the tens digit of q(s)?
6
Let m = 449 + -488. Let b = 1290 - m. What is the thousands digit of b?
1
Let j(y) = y**2 - 5*y - 11. Let d be j(7). Let h(a) = 4*a**2 + 7*a - 3*a + 21*a**3 - 22*a**d. What is the tens digit of h(3)?
2
What is the hundreds digit of (74 - 84)/((-2)/68)?
3
Let g be 198/3*(-16)/(-12). Suppose 4*o = u + 97, -2*u = 3*o - 0*u - 81. Suppose y - g = o. What is the tens digit of y?
1
Let i = 406 + -412. What is the thousands digit of ((-10946)/(-39))/((-1)/i)?
1
Let h(k) = -2*k**2 - 5 + k**3 + 12*k**2 - 6*k - 6. Let a = 4317 + -4325. What is the tens digit of h(a)?
6
Suppose 8*t = 10*t - 520. Let d(z) = -111*z**3. Let u be d(1). Let i = u + t. What is the hundreds digit of i?
1
Suppose 35*m - 16*m - 513 = 0. Let z(u) = -u**3 + 31*u**2 - 52*u - 45. What is the thousands digit of z(m)?
1
Suppose 39*d - 36*d - 823242 = -16*z, 0 = -5*z + 4*d + 257273. What is the thousands digit of z?
1
Let a be ((-1060)/25)/(((-12)/(-10))/(-3)). Suppose 0 = 2*q - 3*q + a. Suppose 2*z - q = z. What is the tens digit of z?
0
Suppose -c = 3*o + 7, -4*c - 3*o + 4 = o. Suppose 0 = 3*z + v - 247, 4*z - 119 - 204 = c*v. Suppose 5*t - z - 243 = 0. What is the tens digit of t?
6
Suppose 3*f + 51 - 63 = 0. Suppose 0 = 4*i - 3*y - 1642, 262 = i + f*y - 139. What is the tens digit of i?
0
Let s = 664 + -661. What is the thousands digit of -1 - -1738 - s/(-1)*-2?
1
Let k = 11985 + 54546. What is the units digit of k?
1
Let v(w) = 3*w**3 + 2*w**2 - 10*w + 14. Let a be v(5). Let m = -60 + a. What is the tens digit of m?
2
Suppose -8*d + 125 = 17*d. Suppose -2*g + y = 6*y - 958, -2*g = -d*y - 998. What is the units digit of g?
9
Let c(k) = 7*k + 6. Suppose 0*r - 17 = -5*q + 2*r, 0 = 5*q - 5*r - 5. Suppose d - 16 = -3*t + 16, -3*t + 2 = -q*d. What is the tens digit of c(t)?
6
Let v(l) = 2520*l - 2476. What is the hundreds digit of v(5)?
1
Let v(k) = -616*k**3 - 4*k**2 + 21*k + 46. What is the thousands digit of v(-3)?
6
Let x = -47500 - -80825. What is the ten thousands digit of x?
3
Suppose 5*p + 2*r = 49003, 42*r - 39218 = -4*p + 43*r. What is the units digit of p?
3
Let k(v) be the third derivative of v**4/8 + 13*v**3/3 - 2*v**2. Let i = 805 - 805. What is the tens digit of k(i)?
2
Suppose u = -36 + 38, l - 5052 = u. What is the hundreds digit of l?
0
Suppose -157 = -r - 4*d + 228, -1512 = -4*r - 2*d. Suppose 28*w = c + 25*w - r, 0 = 3*c - w - 1099. What is the hundreds digit of c?
3
Suppose -16*z + 834688 = 165088. What is the tens digit of z?
5
Let v(h) = 24*h**2 - 19*h - 793. What is the units digit of v(-33)?
0
Let l(f) = 46*f - 186. Let g be l(19). Let v = g - -785. What is the units digit of v?
3
Let v(x) = x**3 + 16*x**2 - 18*x - 22. Let j be v(-17). Let l(g) = -71*g - 47. Let c be l(j). Suppose -790 = -6*i + c. What is the tens digit of i?
8
Let q = 108 - 92. Let v = -14 - q. Let w = 10 - v. What is the tens digit of w?
4
What is the ten thousands digit of (329 - 338) + 16071*1?
1
Suppose 5*u - 1089 = -3*v, -3*v - 2*u + 98 + 1000 = 0. Let y = 214 - -33. Let i = v - y. What is the hundreds digit of i?
1
Suppose -278*o + 5673695 + 1191237 = 0. What is the units digit of o?
4
Let f = -557 + -501. Let z = f - -1779. What is the units digit of z?
1
Suppose 0 = -6*u + 7*u + 9. Let m = u + -62. Let l = m + 187. What is the hundreds digit of l?
1
Let c be (20/6 - 1/3)*6. Suppose -13*p + c*p + 430 = 0. Let g = p + 98. What is the tens digit of g?
1
Suppose 14*b - 10*b = 8, -5*w = 5*b - 46710. What is the hundreds digit of w?
3
Suppose 0 = -2*i - p + 11, -i + 5*i - 4*p = 28. Let r(n) = -85*n + 3. Let w be r(-2). Suppose -i*u = -w - 199. What is the tens digit of u?
6
Suppose 12*c - 4*c = 24. Suppose -g = 1 + 8. What is the units digit of c/g*3*-14?
4
Let f(x) = 6*x - 18. Let c be f(4). Let p be ((-33)/c)/((-15)/12)*15. What is the tens digit of p/2 - 4 - 0?
2
What is the units digit of 4951233/552 - (-6)/16 - -6?
6
Let p = 277 + 5517. What is the hundreds digit of p?
7
Suppose 4*j - 4 + 16 = 0, j = -2*r - 7. Let y be (r - -2)*(-2)/(-6). Suppose y = n - 46 - 103. What is the tens digit of n?
4
Let s(x) = 3*x + 25. Let y(r) be the first derivative of 2*r**2 + 24*r - 5. Let j(i) = 4*s(i) - 5*y(i). What is the tens digit of j(-5)?
2
Let g = 3143 - -3042. What is the units digit of g?
5
Suppose -15 = -6*a - 33. What is the units digit of a*(-4)/48*(-7 - -1779)?
3
Let b be 1*(14 - (2 + 2)). Let x(u) = -u**2 + 13*u + 13. What is the tens digit of x(b)?
4
Let p(v) = -15*v**2 - 85. Let x(k) = -k**2 - 3*k + 1. Let s(c) = -p(c) + 3*x(c). What is the units digit of s(9)?
9
Let x(f) be the third derivative of -f**6/120 + f**5/5 - 3*f**4/4 + 11*f**3/2 - 164*f**2. What is the hundreds digit of x(9)?
1
Suppose -3*j = 5*v - 9, -3*v = -2*j - 1 + 7. Suppose j*s - 5*w - 465 = 0, 4*w = 4*s - w - 615. What is the tens digit of s?
5
What is the tens digit of (-1 + -9)*(4 - -174)/(25/(-205))?
9
Let o(g) = g**2 - 20*g - 19. Let b = 115 - 127. What is the units digit of o(b)?
5
Let u be (-3)/6*(6 + 0 + 2). Let f(t) = -t**3 - 4*t**2 - 2*t - 6. Let h be f(u). Suppose -h*n = -0*n + 10, 0 = -3*r - 5*n + 236. What is the units digit of r?
7
Let m(o) = o**3 - 6*o**2 - o + 18. Suppose 23*z + 91 = 36*z. What is the units digit of m(z)?
0
Let q(l) = 9*l - 28. Let b be q(14). Let h = 98 - b. Suppose h = -5*c - 253 + 843. What is the tens digit of c?
1
Suppose 55*i - 68*i + 24401 = 0. What is the tens digit of i?
7
Suppose 5*g - 4*z = 17, 3*z - 9 + 18 = 3*g. Suppose s - 806 = -g*h - s, 0 = -2*h + 3*s + 330. What is the units digit of h?
2
Let y(g) be the third derivative of -4*g**3 - 32*g**2 + 0 + 0*g - 37/24*g**4. What is the hundreds digit of y(-7)?
2
Let g be (-74)/(-26) - 6*3/(-117). Suppose -3*m + 5*h + 47 = 0, m + g*m - 5*h - 56 = 0. Suppose 1721 - 587 = m*b. What is the units digit of b?
6
Let p(w) be the first derivative of 23*w**2 - 216*w - 134. What is the hundreds digit of p(20)?
7
Suppose -25 + 3 = 3*l + 2*r, -3*l = -r + 25. Let j(w) be the first derivative of -5*w**2 - 22*w - 37. What is the tens digit of j(l)?
5
What is the thousands digit of 18*((-1154)/(-8) + -5)*2?
5
Let z(l) = l**2 - 2*l - 22. Let t be (2/5)/(5/(-25)). Let y be -3 + (-3 + -3)*t/(-4). What is the tens digit of z(y)?
2
Let s(b) = 39*b**2 + 11*b + 62. What is the ten thousands digit of s(-18)?
1
Suppose 40*m - 8813 = 89067. What is th